).
223
Let p(g) = -g**3 - 39*g**2 + 322*g + 15. Give p(-46).
15
Let u(o) = 12*o - 247. What is u(21)?
5
Let x(a) = 28*a**3 + 28*a**2 - 12*a - 1. What is x(1)?
43
Let n(m) = -17*m - 59. Determine n(-7).
60
Let s(v) = v**3 + 8*v**2 - 7*v - 5. Give s(-4).
87
Let c(x) = -2*x**3 + 33*x**2 + 20*x + 28. Give c(17).
79
Let z(a) = -a**3 + 39*a**2 + 137*a + 4. What is z(42)?
466
Let i(b) = 26*b**2 + 891*b + 242. Give i(-34).
4
Let q(d) = 11*d**2 - 29*d + 30. What is q(8)?
502
Let w(n) = -4*n**3 - 1050*n**2 + 2653*n + 773. Calculate w(-265).
-22
Let f(b) = b**3 + 65*b**2 + 247*b + 218. What is f(-61)?
35
Let k(r) = -4*r**2 + 70*r + 288. Give k(20).
88
Let z(i) = -6*i + 388. Determine z(65).
-2
Let d(y) = -2*y**2 - 35*y + 193. Give d(6).
-89
Let f(c) = c**2 + 49*c - 307. Calculate f(6).
23
Let o(p) = -21*p - 386. Calculate o(-20).
34
Let h(z) = z**3 - z**2 - 35*z + 22. Give h(6).
-8
Let r(b) = -2*b**2 - 107*b + 744. Determine r(6).
30
Let a(t) = -4296*t + 154654. What is a(36)?
-2
Let v(l) = 1835*l + 11010. Determine v(-6).
0
Let f(j) = -51985*j - 623823. What is f(-12)?
-3
Let g(s) = -71*s + 43. What is g(-3)?
256
Let b(g) = -2727*g - 54537. Give b(-20).
3
Let r(h) = 1884*h + 47092. Calculate r(-25).
-8
Let y(w) = 7*w**2 - 48*w + 76. What is y(4)?
-4
Let i(a) = -1876*a + 9387. What is i(5)?
7
Let x(n) = 5*n**2 + 36*n + 16. Give x(-7).
9
Let w(s) = 8*s - 88. Determine w(12).
8
Let a(g) = 72*g - 372. Determine a(5).
-12
Let c(t) = -t**3 + 11*t**2 - 19*t - 33. Give c(8).
7
Let n(r) = -2*r**3 + 2*r + 106. Give n(0).
106
Let q(s) = s**2 + 51*s - 1330. Calculate q(-70).
0
Let i(u) = -323*u - 1. Give i(0).
-1
Let x(j) = 13*j + 553. Calculate x(-25).
228
Let k(m) = m**3 - 19*m**2 - 511*m + 36. What is k(34)?
2
Let i(o) = 51*o + 2463. What is i(-48)?
15
Let y(z) = z**3 + 605*z**2 + 7696*z + 5. Determine y(-13).
5
Let y(s) = s**3 + 78*s**2 - 243*s + 17. Give y(-81).
17
Let h(o) = -15*o**2 - 194*o + 2125. Give h(-20).
5
Let b(f) = -9*f - 198. Give b(-37).
135
Let j(k) = -3*k**3 - 133*k**2 - 47*k + 75. Give j(-44).
207
Let q(x) = -566*x - 38. What is q(-1)?
528
Let i(q) = -39*q**2 + 168*q + 98. Determine i(5).
-37
Let v(r) = -r**3 - 7*r**2 - 51*r - 366. Determine v(-7).
-9
Let g(s) = -s + 192. Determine g(22).
170
Let d(q) = -41*q**3 + 777*q**2 + 40*q - 35. Give d(19).
3
Let o(n) = n**3 - 6*n**2 - 10*n - 74. What is o(7)?
-95
Let j(p) = -47*p + 267. Determine j(10).
-203
Let o(f) = -2*f**3 - 2*f**2 - 14*f - 79. What is o(-3)?
-1
Let g(h) = -76*h - 782. What is g(-10)?
-22
Let u(c) = -c**3 + 25*c**2 - 14*c - 304. Determine u(24).
-64
Let f(w) = 5464*w - 5487. Determine f(1).
-23
Let c(a) = -a**3 - 143*a**2 + 291*a + 138. Give c(-145).
-7
Let a(o) = 6*o**2 + 129*o - 72. Determine a(-22).
-6
Let a(f) = -3*f**2 + 267*f + 414. Give a(90).
144
Let s(w) = -21*w**3 - 24*w**2 - 13*w + 3. What is s(-3)?
393
Let q(k) = -22*k - 296. Determine q(-12).
-32
Let v(h) = -42*h**2 + 58*h + 109. Calculate v(-2).
-175
Let l(k) = -k**2 + 49*k - 85. Calculate l(16).
443
Let a(k) = k**2 - 10*k - 4. Calculate a(10).
-4
Let w(r) = -9*r**2 - 96*r - 10. Give w(-10).
50
Let y(k) = 5*k**2 + 11*k + 57. Give y(7).
379
Let q(h) = 12*h**2 + 13*h - 141. Give q(-4).
-1
Let m(z) = -246*z + 3938. Calculate m(16).
2
Let r(i) = 2*i**3 - 31*i**2 + 50*i - 115. What is r(14)?
-3
Let l(n) = 5*n + 6. Calculate l(0).
6
Let m(f) = f**3 + 28*f**2 + 26*f - 56. Determine m(-27).
-29
Let n(a) = 25*a - 12. Determine n(16).
388
Let s(j) = 449*j - 441. Give s(1).
8
Let c(f) = -f**3 - 188*f**2 + 382*f + 381. What is c(-190)?
1
Let k(s) = -9*s**3 - 5*s**2 + 11*s - 4. Give k(3).
-259
Let i(j) = 26*j**2 + 252*j - 43. Give i(-10).
37
Let o(n) = 5*n + 328. What is o(13)?
393
Let d(n) = 87*n - 60. Calculate d(5).
375
Let j(g) = -2640*g + 282476. Give j(107).
-4
Let u(d) = 1266*d - 3753. Calculate u(3).
45
Let f(h) = -h**2 + 128*h - 1685. Calculate f(15).
10
Let l(t) = -t**3 + 20*t**2 + 92*t + 95. Give l(24).
-1
Let t(i) = -i**3 + 52*i**2 - 83*i - 732. What is t(50)?
118
Let c(y) = -y + 50. Give c(4).
46
Let k(q) = 6*q**2 - 162*q + 549. Calculate k(23).
-3
Let s(g) = g**2 + 35*g - 78. Determine s(-22).
-364
Let z(x) = -5*x**2 + 4*x - 28. Give z(0).
-28
Let i(t) = -t**3 + 6*t**2 + t - 9. What is i(2)?
9
Let l(b) = b**3 - 18*b**2 - 60*b + 764. Give l(19).
-15
Let s(a) = -4*a**3 + 91*a**2 - 77*a + 236. Give s(22).
-6
Let r(x) = -48*x + 1111. Determine r(23).
7
Let l(s) = s**3 - 58*s**2 + 50*s + 379. Determine l(57).
-20
Let b(d) = -24*d - 439. What is b(9)?
-655
Let y(f) = 171*f + 1226. Determine y(-7).
29
Let i(b) = -b**2 - 17*b + 54. Calculate i(-20).
-6
Let q(o) = 5*o**3 + 4*o**2 + o - 13. Determine q(-3).
-115
Let z(f) = -54*f**2 + 5614*f + 193. What is z(104)?
-15
Let s(y) = -2*y**2 - 296*y - 8504. What is s(-109)?
-2
Let w(u) = 3*u + 62. Give w(-18).
8
Let b(m) = 3*m**3 - 41*m**2 + 157*m - 7. Calculate b(4).
157
Let p(n) = -n**3 + 16*n**2 - 88*n + 1134. What is p(16)?
-274
Let b(t) = -69*t - 393. Determine b(-5).
-48
Let n(y) = 496*y - 5472. What is n(11)?
-16
Let m(g) = -g**3 + 4*g**2 + 225*g - 125. Determine m(17).
-57
Let y(q) = -3*q**3 + 15*q**2 - 33*q - 15. Determine y(4).
-99
Let x(k) = k**2 + 23*k + 93. Calculate x(-18).
3
Let p(m) = -5459*m - 65527. Determine p(-12).
-19
Let v(g) = -9*g**2 + 1323*g + 1327. Determine v(148).
-5
Let u(g) = 8*g**3 - 906*g**2 + 223*g + 341. What is u(113)?
2
Let a(x) = 21*x + 105. Give a(0).
105
Let g(o) = -2*o**2 - 254*o - 5738. What is g(-29)?
-54
Let z(y) = -y**3 + 37*y**2 - 115*y - 545. Determine z(33).
16
Let a(k) = k**3 - 20*k**2 + 20*k - 45. Calculate a(19).
-26
Let v(m) = 25*m + 185. Give v(-12).
-115
Let u(v) = -15*v + 284. Determine u(28).
-136
Let x(o) = o + 5. Give x(-12).
-7
Let a(j) = j**3 - 19*j**2 - 123*j + 2610. Determine a(13).
-3
Let y(k) = -29*k - 531. Give y(22).
-1169
Let w(r) = r**3 + 32*r**2 - 153*r - 314. What is w(-36)?
10
Let l(g) = -45*g + 3171. Calculate l(73).
-114
Let i(o) = -5*o**3 - 5*o**2 + 12*o + 18. Determine i(-2).
14
Let w(b) = -2*b + 87. What is w(9)?
69
Let x(n) = -90*n**2 - 361*n - 11. What is x(-4)?
-7
Let d(n) = 134*n - 6308. Give d(47).
-10
Let s(k) = 6*k**3 + 7*k**2 - 38*k - 149. Give s(-4).
-269
Let r(f) = f**3 - 5*f**2 - 5*f - 17. Calculate r(-7).
-570
Let l(g) = g**2 - 488*g - 25718. Determine l(-48).
10
Let w(g) = -g**3 + 11*g**2 - 3*g - 23. Determine w(11).
-56
Let m(l) = l**3 - 15*l**2 + 48*l - 58. What is m(6)?
-94
Let g(j) = -6*j**2 - j + 1015. Calculate g(-13).
14
Let v(d) = -2*d**3 + 31*d**2 - 25*d + 94. What is v(15)?
-56
Let w(b) = 28*b + 1138. Calculate w(-42).
-38
Let r(j) = -2*j**2 + 85*j + 42. What is r(43)?
-1
Let o(r) = 132*r + 4608. Calculate o(-35).
-12
Let o(l) = l**3 - 14*l**2 - 91*l - 51. What is o(19)?
25
Let w(h) = 2*h**3 + 9*h**2 - 6*h + 9. Give w(-5).
14
Let q(l) = -l**3 - 5*l**2 + 56*l + 248. Determine q(-4).
8
Let i(c) = -839*c + 4129. Calculate i(5).
-66
Let i(w) = -w**3 + 2*w**2 + 6*w + 3. Give i(5).
-42
Let t(c) = -543*c - 4334. What is t(-8)?
10
Let b(m) = 43*m**2 - 15649*m - 1091. Calculate b(364).
1
Let b(r) = 5*r**2 - 11*r - 118. Give b(-6).
128
Let m(t) = t**3 + 5*t**2 + 8*t + 11. Give m(-7).
-143
Let m(f) = 8*f**2 + 11*f - 158. Determine m(-5).
-13
Let d(j) = -2*j**2 - 13*j - 25. Determine d(-8).
-49
Let v(o) = o**3 + 2*o**2 - 27*o - 610. What is v(0)?
-610
Let l(w) = 3*w - 102. Give l(28).
-18
Let a(v) = 11*v**2 + 260*v + 1025. What is a(-19)?
56
Let b(y) = 6*y**2 - 118*y - 19. What is b(20)?
21
Let a(h) = -1295*h + 12972. Determine a(10).
22
Let m(x) = -x**3 + 13*x**2 + 8*x + 83. Determine m(14).
-1
Let o(j) = -j**3 + 53*j**2 - 282*j + 4. Calculate o(47).
4
Let p(l) = -l**2 - 852*l + 17434. Calculate p(20).
-6
Let i(d) = d**2 - 37*d + 352. Calculate i(18).
10
Let x(w) = -w**3 + 13*w**2 + 70*w - 883. Give x(11).
129
Let b(a) = -12*a - 25. Calculate b(-6).
47
Let j(u) = 11*u + 79. Calculate j(-42).
-383
Let c(f) = -3*f**2 - 28*f + 14. What is c(-7)?
63
Let n(q) = 142*q + 8353. Calculate n(-59).
-25
Let p(i) = -28*i**2 - 14*i + 79. Determine p(-2).
-5
Let m(n) = n**3 - 8*n - 26. Give m(3).
-23
Let z(r) = 5*r**2 - 75*r + 61. Give z(14).
-9
Let i(c) = c**2 - 73*c - 566. Calculate i(-7).
-6
Let b(w) = 5*w**3 - 106*w**2 + 361*w - 68. What is b(17)?
0
Let b(g) = -g**2 + 20*g + 63. Calculate b(23).
-6
Let l